-- https://www.phpmyadmin.net/
--
-- Servidor: localhost:3306
-- Tiempo de generación: 27-05-2021 a las 08:11:49
-- Versión del servidor: 5.7.34-log
-- Versión de PHP: 7.3.28

START TRANSACTION;



--
-- Base de datos: `votacion_pymesvotaciones`
--

-- --------------------------------------------------------

--
-- Estructura de tabla para la tabla `candidatos`
--

CREATE TABLE `candidatos` (
  `id` bigint(20) UNSIGNED NOT NULL,
  `user_id` bigint(20) UNSIGNED NOT NULL,
  `concejo_directivo_id` bigint(20) UNSIGNED NOT NULL,
  `fecha_votacione_id` bigint(20) UNSIGNED NOT NULL,
  `votos` int(11) NOT NULL,
  `created_at` timestamp NULL DEFAULT NULL,
  `updated_at` timestamp NULL DEFAULT NULL
) ENGINE=MyISAM DEFAULT CHARSET=utf8mb4 COLLATE=utf8mb4_unicode_ci;

--
-- Volcado de datos para la tabla `candidatos`
--

INSERT INTO `candidatos` (`id`, `user_id`, `concejo_directivo_id`, `fecha_votacione_id`, `votos`, `created_at`, `updated_at`) VALUES
(1, 13, 1, 1, 27, '2021-04-06 00:32:47', '2021-04-13 00:19:23'),
(2, 24, 1, 1, 1, '2021-04-06 00:33:38', '2021-04-12 07:42:09'),
(3, 11, 2, 1, 23, '2021-04-06 00:37:34', '2021-04-13 00:19:35'),
(4, 24, 2, 1, 1, '2021-04-06 00:39:14', '2021-04-11 07:01:58'),
(5, 27, 3, 1, 22, '2021-04-06 00:46:08', '2021-04-12 23:09:33'),
(6, 30, 3, 1, 8, '2021-04-06 00:46:44', '2021-04-13 00:19:46'),
(7, 24, 3, 1, 0, '2021-04-06 00:47:56', '2021-04-08 21:54:53'),
(8, 6, 4, 1, 27, '2021-04-06 00:49:42', '2021-04-13 00:20:00'),
(9, 29, 5, 1, 29, '2021-04-06 00:55:16', '2021-04-13 00:20:11'),
(10, 24, 5, 1, 0, '2021-04-06 00:55:43', '2021-04-08 21:55:01'),
(11, 15, 6, 1, 26, '2021-04-06 00:56:45', '2021-04-13 00:20:22'),
(12, 38, 7, 1, 29, '2021-04-06 00:57:19', '2021-04-13 00:20:34'),
(13, 5, 8, 1, 25, '2021-04-06 00:57:53', '2021-04-13 00:20:51'),
(14, 9, 9, 1, 13, '2021-04-06 00:59:01', '2021-04-13 00:21:02'),
(15, 30, 9, 1, 1, '2021-04-06 00:59:28', '2021-04-11 07:16:13'),
(16, 1, 9, 1, 4, '2021-04-06 01:00:07', '2021-04-12 23:11:19'),
(17, 23, 9, 1, 9, '2021-04-06 01:00:40', '2021-04-12 21:57:35'),
(19, 37, 9, 1, 0, '2021-04-06 01:01:44', '2021-04-06 01:01:44'),
(20, 31, 9, 1, 4, '2021-04-06 01:02:34', '2021-04-11 07:32:25'),
(23, 4, 11, 1, 22, '2021-04-06 01:04:12', '2021-04-13 00:21:46'),
(24, 18, 11, 1, 7, '2021-04-06 01:04:43', '2021-04-12 22:38:02'),
(27, 41, 1, 1, 3, NULL, '2021-04-12 22:34:47'),
(28, 41, 2, 1, 7, NULL, '2021-04-12 23:09:11'),
(29, 41, 3, 1, 1, NULL, '2021-04-12 21:38:10'),
(30, 41, 4, 1, 4, NULL, '2021-04-12 22:35:47'),
(31, 41, 5, 1, 2, NULL, '2021-04-12 22:36:02'),
(32, 41, 6, 1, 5, NULL, '2021-04-12 22:36:14'),
(33, 41, 7, 1, 2, NULL, '2021-04-12 21:38:26'),
(34, 41, 8, 1, 6, NULL, '2021-04-12 22:36:48'),
(35, 41, 9, 1, 0, NULL, NULL),
(53, 18, 12, 1, 3, '2021-04-09 16:28:34', '2021-04-13 00:22:01'),
(37, 41, 11, 1, 2, NULL, '2021-04-12 21:38:45'),
(52, 21, 12, 1, 26, '2021-04-09 16:28:17', '2021-04-12 23:12:21'),
(51, 31, 10, 1, 5, '2021-04-09 16:27:57', '2021-04-11 03:04:29'),
(50, 37, 10, 1, 3, '2021-04-09 16:27:27', '2021-04-12 21:58:07'),
(49, 23, 10, 1, 10, '2021-04-09 16:27:14', '2021-04-13 00:21:23'),
(48, 1, 10, 1, 2, '2021-04-09 16:26:59', '2021-04-10 23:15:05'),
(47, 30, 10, 1, 7, '2021-04-09 16:26:39', '2021-04-12 20:02:53'),
(46, 9, 10, 1, 1, '2021-04-09 16:26:26', '2021-04-10 19:56:38'),
(54, 41, 10, 1, 3, NULL, '2021-04-12 21:38:41'),
(55, 41, 12, 1, 2, NULL, '2021-04-12 22:39:30');

-- --------------------------------------------------------

--
-- Estructura de tabla para la tabla `ciudades`
--

CREATE TABLE `ciudades` (
  `id` bigint(20) UNSIGNED NOT NULL,
  `nombre` varchar(191) COLLATE utf8mb4_unicode_ci NOT NULL,
  `created_at` timestamp NULL DEFAULT NULL,
  `updated_at` timestamp NULL DEFAULT NULL,
  `deleted_at` timestamp NULL DEFAULT NULL
) ENGINE=MyISAM DEFAULT CHARSET=utf8mb4 COLLATE=utf8mb4_unicode_ci;

--
-- Volcado de datos para la tabla `ciudades`
--

INSERT INTO `ciudades` (`id`, `nombre`, `created_at`, `updated_at`, `deleted_at`) VALUES
(1, 'Cali', NULL, NULL, NULL);

-- --------------------------------------------------------

--
-- Estructura de tabla para la tabla `concejo_directivos`
--

CREATE TABLE `concejo_directivos` (
  `id` bigint(20) UNSIGNED NOT NULL,
  `nombre` varchar(191) COLLATE utf8mb4_unicode_ci NOT NULL,
  `created_at` timestamp NULL DEFAULT NULL,
  `updated_at` timestamp NULL DEFAULT NULL
) ENGINE=MyISAM DEFAULT CHARSET=utf8mb4 COLLATE=utf8mb4_unicode_ci;

--
-- Volcado de datos para la tabla `concejo_directivos`
--

INSERT INTO `concejo_directivos` (`id`, `nombre`, `created_at`, `updated_at`) VALUES
(1, 'PRESIDENTE', '2021-03-25 00:30:56', '2021-03-26 22:21:24'),
(2, 'PRIMER VICEPRESIDENTE', '2021-03-25 00:31:07', '2021-03-25 00:31:07'),
(3, 'SEGUNDO VICEPRESIDENTE', '2021-03-25 00:31:19', '2021-03-25 00:31:19'),
(4, 'TERCER VICEPRESIDENTE', '2021-03-25 00:31:43', '2021-03-25 00:31:43'),
(5, 'SECRETARIO', '2021-03-25 00:31:57', '2021-03-25 00:31:57'),
(6, 'TESORERO', '2021-03-25 00:32:03', '2021-03-25 00:32:03'),
(7, 'DOMADOR', '2021-03-25 00:32:15', '2021-03-25 00:32:15'),
(8, 'TUERCERRABOS', '2021-03-25 00:32:29', '2021-03-25 00:32:29'),
(9, 'VOCAL 1', '2021-03-25 00:32:39', '2021-04-09 20:47:25'),
(12, 'GMT', '2021-03-25 00:32:44', '2021-03-25 00:32:44'),
(11, 'GST', '2021-03-25 00:32:49', '2021-03-25 00:32:49'),
(10, 'VOCAL 2', '2021-04-09 00:35:08', '2021-04-09 00:35:08');

-- --------------------------------------------------------

--
-- Estructura de tabla para la tabla `failed_jobs`
--

CREATE TABLE `failed_jobs` (
  `id` bigint(20) UNSIGNED NOT NULL,
  `connection` text COLLATE utf8mb4_unicode_ci NOT NULL,
  `queue` text COLLATE utf8mb4_unicode_ci NOT NULL,
  `payload` longtext COLLATE utf8mb4_unicode_ci NOT NULL,
  `exception` longtext COLLATE utf8mb4_unicode_ci NOT NULL,
  `failed_at` timestamp NOT NULL DEFAULT CURRENT_TIMESTAMP
) ENGINE=MyISAM DEFAULT CHARSET=utf8mb4 COLLATE=utf8mb4_unicode_ci;

-- --------------------------------------------------------

--
-- Estructura de tabla para la tabla `fecha_votaciones`
--

CREATE TABLE `fecha_votaciones` (
  `id` bigint(20) UNSIGNED NOT NULL,
  `fechaActual` datetime NOT NULL,
  `fechaInicio` datetime NOT NULL,
  `fechaFinal` datetime NOT NULL,
  `created_at` timestamp NULL DEFAULT NULL,
  `updated_at` timestamp NULL DEFAULT NULL
) ENGINE=MyISAM DEFAULT CHARSET=utf8mb4 COLLATE=utf8mb4_unicode_ci;

--
-- Volcado de datos para la tabla `fecha_votaciones`
--

INSERT INTO `fecha_votaciones` (`id`, `fechaActual`, `fechaInicio`, `fechaFinal`, `created_at`, `updated_at`) VALUES
(1, '2021-04-19 15:33:20', '2021-04-10 08:00:00', '2021-04-12 15:00:00', '2021-04-05 16:02:42', '2021-04-19 20:33:20');

-- --------------------------------------------------------

--
-- Estructura de tabla para la tabla `migrations`
--

CREATE TABLE `migrations` (
  `id` int(10) UNSIGNED NOT NULL,
  `migration` varchar(191) COLLATE utf8mb4_unicode_ci NOT NULL,
  `batch` int(11) NOT NULL
) ENGINE=MyISAM DEFAULT CHARSET=utf8mb4 COLLATE=utf8mb4_unicode_ci;

--
-- Volcado de datos para la tabla `migrations`
--

INSERT INTO `migrations` (`id`, `migration`, `batch`) VALUES
(16, '2014_10_12_000000_create_users_table', 1),
(17, '2014_10_12_100000_create_password_resets_table', 1),
(18, '2019_08_19_000000_create_failed_jobs_table', 1),
(19, '2021_02_17_133452_create_tipo_documentos_table', 1),
(20, '2021_02_17_133606_create_ciudades_table', 1),
(21, '2021_02_17_133655_create_roles_table', 1),
(22, '2021_02_17_135916_add_new_columns_to_users', 1),
(23, '2021_02_25_153107_add_deleted_at_column_to_users_tables', 1),
(24, '2021_02_25_153253_add_deleted_at_column_to_tipo_documentos_tables', 1),
(25, '2021_02_25_153343_add_deleted_at_column_to_roles_tables', 1),
(26, '2021_02_25_153423_add_deleted_at_column_to_ciudades_tables', 1),
(27, '2021_02_26_150128_create_fecha_votaciones_table', 1),
(28, '2021_02_26_162055_create_concejo_directivos_table', 1),
(29, '2021_03_01_175132_create_registro_votos_table', 1),
(30, '2021_03_23_164340_create_candidatos_tables', 1);

-- --------------------------------------------------------

--
-- Estructura de tabla para la tabla `registro_posultacions`
--

CREATE TABLE `registro_posultacions` (
  `id` int(11) NOT NULL,
  `user_id` int(11) NOT NULL,
  `concejo_directivo_id` int(11) NOT NULL,
  `cantidad` int(11) DEFAULT NULL,
  `updated_at` timestamp NULL DEFAULT NULL,
  `created_at` timestamp NULL DEFAULT NULL
) ENGINE=MyISAM DEFAULT CHARSET=utf8 COLLATE=utf8_spanish2_ci;

--
-- Volcado de datos para la tabla `registro_posultacions`
--

INSERT INTO `registro_posultacions` (`id`, `user_id`, `concejo_directivo_id`, `cantidad`, `updated_at`, `created_at`) VALUES
(1, 13, 1, 33, NULL, NULL),
(2, 24, 1, 1, NULL, NULL),
(3, 11, 2, 19, NULL, NULL),
(4, 24, 2, 7, NULL, NULL),
(5, 27, 3, 15, NULL, NULL),
(6, 30, 3, 11, NULL, NULL),
(7, 24, 3, 1, NULL, NULL),
(8, 6, 4, 17, NULL, NULL),
(9, 29, 5, 31, NULL, NULL),
(10, 24, 5, 1, NULL, NULL),
(11, 15, 6, 31, NULL, NULL),
(12, 38, 7, 30, NULL, NULL),
(13, 5, 8, 13, NULL, NULL),
(14, 9, 9, 6, NULL, NULL),
(15, 30, 9, 4, NULL, NULL),
(16, 1, 9, 9, NULL, NULL),
(17, 23, 9, 17, NULL, NULL),
(18, 8, 9, 3, NULL, NULL),
(19, 37, 9, 4, NULL, NULL),
(20, 31, 9, 2, NULL, NULL),
(32, 30, 10, 1, '2021-04-09 16:26:39', '2021-04-09 16:26:39'),
(31, 9, 10, 1, '2021-04-09 16:26:26', '2021-04-09 16:26:26'),
(23, 4, 11, 17, NULL, NULL),
(24, 18, 11, 13, NULL, NULL),
(38, 18, 12, 1, '2021-04-09 16:28:34', '2021-04-09 16:28:34'),
(37, 21, 12, 21, '2021-04-09 16:28:17', '2021-04-09 16:28:17'),
(36, 31, 10, 1, '2021-04-09 16:27:57', '2021-04-09 16:27:57'),
(35, 37, 10, 1, '2021-04-09 16:27:27', '2021-04-09 16:27:27'),
(34, 23, 10, 1, '2021-04-09 16:27:14', '2021-04-09 16:27:14'),
(33, 1, 10, 1, '2021-04-09 16:26:59', '2021-04-09 16:26:59');

-- --------------------------------------------------------

--
-- Estructura de tabla para la tabla `registro_votos`
--

CREATE TABLE `registro_votos` (
  `id` bigint(20) UNSIGNED NOT NULL,
  `user_id` int(11) NOT NULL,
  `fecha_votacione_id` int(11) NOT NULL,
  `concejo_directivo_id` int(11) NOT NULL,
  `created_at` timestamp NULL DEFAULT NULL,
  `updated_at` timestamp NULL DEFAULT NULL
) ENGINE=MyISAM DEFAULT CHARSET=utf8mb4 COLLATE=utf8mb4_unicode_ci;

--
-- Volcado de datos para la tabla `registro_votos`
--

INSERT INTO `registro_votos` (`id`, `user_id`, `fecha_votacione_id`, `concejo_directivo_id`, `created_at`, `updated_at`) VALUES
(1, 9, 1, 1, '2021-04-10 18:11:24', '2021-04-10 18:11:24'),
(2, 9, 1, 2, '2021-04-10 18:11:39', '2021-04-10 18:11:39'),
(3, 9, 1, 3, '2021-04-10 18:11:51', '2021-04-10 18:11:51'),
(4, 9, 1, 4, '2021-04-10 18:12:34', '2021-04-10 18:12:34'),
(5, 9, 1, 5, '2021-04-10 18:12:44', '2021-04-10 18:12:44'),
(6, 9, 1, 6, '2021-04-10 18:12:59', '2021-04-10 18:12:59'),
(7, 9, 1, 7, '2021-04-10 18:13:13', '2021-04-10 18:13:13'),
(8, 9, 1, 8, '2021-04-10 18:13:27', '2021-04-10 18:13:27'),
(9, 9, 1, 9, '2021-04-10 18:13:44', '2021-04-10 18:13:44'),
(10, 9, 1, 10, '2021-04-10 18:14:00', '2021-04-10 18:14:00'),
(11, 9, 1, 11, '2021-04-10 18:14:17', '2021-04-10 18:14:17'),
(12, 9, 1, 12, '2021-04-10 18:14:35', '2021-04-10 18:14:35'),
(13, 16, 1, 1, '2021-04-10 18:14:52', '2021-04-10 18:14:52'),
(14, 16, 1, 2, '2021-04-10 18:15:06', '2021-04-10 18:15:06'),
(15, 16, 1, 3, '2021-04-10 18:15:17', '2021-04-10 18:15:17'),
(16, 16, 1, 4, '2021-04-10 18:15:29', '2021-04-10 18:15:29'),
(17, 16, 1, 5, '2021-04-10 18:15:38', '2021-04-10 18:15:38'),
(18, 16, 1, 6, '2021-04-10 18:15:46', '2021-04-10 18:15:46'),
(19, 16, 1, 7, '2021-04-10 18:15:54', '2021-04-10 18:15:54'),
(20, 16, 1, 8, '2021-04-10 18:16:11', '2021-04-10 18:16:11'),
(21, 16, 1, 9, '2021-04-10 18:16:28', '2021-04-10 18:16:28'),
(22, 16, 1, 10, '2021-04-10 18:16:40', '2021-04-10 18:16:40'),
(23, 16, 1, 11, '2021-04-10 18:16:53', '2021-04-10 18:16:53'),
(24, 16, 1, 12, '2021-04-10 18:17:01', '2021-04-10 18:17:01'),
(25, 3, 1, 1, '2021-04-10 18:40:01', '2021-04-10 18:40:01'),
(26, 3, 1, 2, '2021-04-10 18:40:28', '2021-04-10 18:40:28'),
(27, 3, 1, 3, '2021-04-10 18:41:50', '2021-04-10 18:41:50'),
(28, 3, 1, 4, '2021-04-10 18:42:04', '2021-04-10 18:42:04'),
(29, 3, 1, 5, '2021-04-10 18:42:13', '2021-04-10 18:42:13'),
(30, 3, 1, 6, '2021-04-10 18:42:32', '2021-04-10 18:42:32'),
(31, 3, 1, 7, '2021-04-10 18:42:50', '2021-04-10 18:42:50'),
(32, 3, 1, 8, '2021-04-10 18:42:58', '2021-04-10 18:42:58'),
(33, 3, 1, 9, '2021-04-10 18:43:32', '2021-04-10 18:43:32'),
(34, 3, 1, 10, '2021-04-10 18:44:01', '2021-04-10 18:44:01'),
(35, 3, 1, 11, '2021-04-10 18:44:28', '2021-04-10 18:44:28'),
(36, 3, 1, 12, '2021-04-10 18:44:42', '2021-04-10 18:44:42'),
(37, 15, 1, 1, '2021-04-10 19:20:29', '2021-04-10 19:20:29'),
(38, 15, 1, 2, '2021-04-10 19:20:38', '2021-04-10 19:20:38'),
(39, 15, 1, 3, '2021-04-10 19:20:45', '2021-04-10 19:20:45'),
(40, 15, 1, 4, '2021-04-10 19:20:54', '2021-04-10 19:20:54'),
(41, 15, 1, 5, '2021-04-10 19:21:04', '2021-04-10 19:21:04'),
(42, 15, 1, 6, '2021-04-10 19:21:15', '2021-04-10 19:21:15'),
(43, 15, 1, 7, '2021-04-10 19:21:26', '2021-04-10 19:21:26'),
(44, 15, 1, 8, '2021-04-10 19:21:35', '2021-04-10 19:21:35'),
(45, 15, 1, 9, '2021-04-10 19:21:57', '2021-04-10 19:21:57'),
(46, 15, 1, 10, '2021-04-10 19:22:10', '2021-04-10 19:22:10'),
(47, 15, 1, 11, '2021-04-10 19:22:23', '2021-04-10 19:22:23'),
(48, 15, 1, 12, '2021-04-10 19:22:31', '2021-04-10 19:22:31'),
(49, 31, 1, 1, '2021-04-10 19:44:29', '2021-04-10 19:44:29'),
(50, 29, 1, 1, '2021-04-10 19:44:33', '2021-04-10 19:44:33'),
(51, 31, 1, 2, '2021-04-10 19:45:05', '2021-04-10 19:45:05'),
(52, 29, 1, 2, '2021-04-10 19:45:12', '2021-04-10 19:45:12'),
(53, 31, 1, 3, '2021-04-10 19:46:45', '2021-04-10 19:46:45'),
(54, 29, 1, 3, '2021-04-10 19:46:47', '2021-04-10 19:46:47'),
(55, 31, 1, 4, '2021-04-10 19:47:30', '2021-04-10 19:47:30'),
(56, 29, 1, 4, '2021-04-10 19:47:31', '2021-04-10 19:47:31'),
(57, 31, 1, 5, '2021-04-10 19:47:58', '2021-04-10 19:47:58'),
(58, 29, 1, 5, '2021-04-10 19:47:59', '2021-04-10 19:47:59'),
(59, 31, 1, 6, '2021-04-10 19:48:26', '2021-04-10 19:48:26'),
(60, 29, 1, 6, '2021-04-10 19:48:28', '2021-04-10 19:48:28'),
(61, 31, 1, 7, '2021-04-10 19:49:00', '2021-04-10 19:49:00'),
(62, 29, 1, 7, '2021-04-10 19:49:03', '2021-04-10 19:49:03'),
(63, 31, 1, 8, '2021-04-10 19:49:29', '2021-04-10 19:49:29'),
(64, 29, 1, 8, '2021-04-10 19:49:29', '2021-04-10 19:49:29'),
(65, 31, 1, 9, '2021-04-10 19:50:24', '2021-04-10 19:50:24'),
(66, 29, 1, 9, '2021-04-10 19:50:25', '2021-04-10 19:50:25'),
(67, 31, 1, 10, '2021-04-10 19:51:49', '2021-04-10 19:51:49'),
(68, 29, 1, 10, '2021-04-10 19:51:50', '2021-04-10 19:51:50'),
(69, 13, 1, 1, '2021-04-10 19:52:44', '2021-04-10 19:52:44'),
(70, 29, 1, 11, '2021-04-10 19:53:07', '2021-04-10 19:53:07'),
(71, 31, 1, 11, '2021-04-10 19:53:08', '2021-04-10 19:53:08'),
(72, 13, 1, 2, '2021-04-10 19:53:12', '2021-04-10 19:53:12'),
(73, 13, 1, 3, '2021-04-10 19:53:26', '2021-04-10 19:53:26'),
(74, 31, 1, 12, '2021-04-10 19:53:46', '2021-04-10 19:53:46'),
(75, 13, 1, 4, '2021-04-10 19:53:46', '2021-04-10 19:53:46'),
(76, 29, 1, 12, '2021-04-10 19:53:47', '2021-04-10 19:53:47'),
(77, 13, 1, 5, '2021-04-10 19:54:04', '2021-04-10 19:54:04'),
(78, 13, 1, 6, '2021-04-10 19:54:15', '2021-04-10 19:54:15'),
(79, 13, 1, 7, '2021-04-10 19:54:40', '2021-04-10 19:54:40'),
(80, 13, 1, 8, '2021-04-10 19:55:07', '2021-04-10 19:55:07'),
(81, 13, 1, 9, '2021-04-10 19:56:08', '2021-04-10 19:56:08'),
(82, 13, 1, 10, '2021-04-10 19:56:38', '2021-04-10 19:56:38'),
(83, 13, 1, 11, '2021-04-10 19:56:52', '2021-04-10 19:56:52'),
(84, 13, 1, 12, '2021-04-10 19:57:06', '2021-04-10 19:57:06'),
(85, 25, 1, 1, '2021-04-10 20:45:18', '2021-04-10 20:45:18'),
(86, 25, 1, 2, '2021-04-10 20:45:35', '2021-04-10 20:45:35'),
(87, 25, 1, 3, '2021-04-10 20:46:27', '2021-04-10 20:46:27'),
(88, 25, 1, 4, '2021-04-10 20:46:42', '2021-04-10 20:46:42'),
(89, 25, 1, 5, '2021-04-10 20:46:54', '2021-04-10 20:46:54'),
(90, 25, 1, 6, '2021-04-10 20:47:21', '2021-04-10 20:47:21'),
(91, 25, 1, 7, '2021-04-10 20:47:38', '2021-04-10 20:47:38'),
(92, 25, 1, 8, '2021-04-10 20:47:52', '2021-04-10 20:47:52'),
(93, 25, 1, 9, '2021-04-10 20:48:38', '2021-04-10 20:48:38'),
(94, 25, 1, 10, '2021-04-10 20:48:53', '2021-04-10 20:48:53'),
(95, 25, 1, 11, '2021-04-10 20:49:07', '2021-04-10 20:49:07'),
(96, 25, 1, 12, '2021-04-10 20:49:22', '2021-04-10 20:49:22'),
(97, 4, 1, 1, '2021-04-10 22:13:30', '2021-04-10 22:13:30'),
(98, 4, 1, 2, '2021-04-10 22:14:32', '2021-04-10 22:14:32'),
(99, 4, 1, 3, '2021-04-10 22:15:24', '2021-04-10 22:15:24'),
(100, 4, 1, 4, '2021-04-10 22:15:33', '2021-04-10 22:15:33'),
(101, 4, 1, 5, '2021-04-10 22:15:46', '2021-04-10 22:15:46'),
(102, 4, 1, 6, '2021-04-10 22:15:56', '2021-04-10 22:15:56'),
(103, 4, 1, 7, '2021-04-10 22:16:10', '2021-04-10 22:16:10'),
(104, 4, 1, 8, '2021-04-10 22:16:17', '2021-04-10 22:16:17'),
(105, 4, 1, 9, '2021-04-10 22:16:30', '2021-04-10 22:16:30'),
(106, 4, 1, 10, '2021-04-10 22:16:48', '2021-04-10 22:16:48'),
(107, 4, 1, 11, '2021-04-10 22:17:01', '2021-04-10 22:17:01'),
(108, 4, 1, 12, '2021-04-10 22:17:15', '2021-04-10 22:17:15'),
(109, 27, 1, 1, '2021-04-10 22:43:40', '2021-04-10 22:43:40'),
(110, 27, 1, 2, '2021-04-10 22:43:57', '2021-04-10 22:43:57'),
(111, 27, 1, 3, '2021-04-10 22:44:09', '2021-04-10 22:44:09'),
(112, 27, 1, 4, '2021-04-10 22:44:22', '2021-04-10 22:44:22'),
(113, 27, 1, 5, '2021-04-10 22:44:40', '2021-04-10 22:44:40'),
(114, 27, 1, 6, '2021-04-10 22:44:52', '2021-04-10 22:44:52'),
(115, 27, 1, 7, '2021-04-10 22:45:02', '2021-04-10 22:45:02'),
(116, 27, 1, 8, '2021-04-10 22:45:13', '2021-04-10 22:45:13'),
(117, 27, 1, 9, '2021-04-10 22:45:27', '2021-04-10 22:45:27'),
(118, 27, 1, 10, '2021-04-10 22:45:44', '2021-04-10 22:45:44'),
(119, 27, 1, 11, '2021-04-10 22:46:00', '2021-04-10 22:46:00'),
(120, 27, 1, 12, '2021-04-10 22:46:11', '2021-04-10 22:46:11'),
(121, 35, 1, 1, '2021-04-10 22:59:18', '2021-04-10 22:59:18'),
(122, 35, 1, 2, '2021-04-10 23:00:19', '2021-04-10 23:00:19'),
(123, 11, 1, 1, '2021-04-10 23:07:41', '2021-04-10 23:07:41'),
(124, 11, 1, 2, '2021-04-10 23:07:48', '2021-04-10 23:07:48'),
(125, 11, 1, 3, '2021-04-10 23:08:04', '2021-04-10 23:08:04'),
(126, 11, 1, 4, '2021-04-10 23:08:14', '2021-04-10 23:08:14'),
(127, 11, 1, 5, '2021-04-10 23:08:37', '2021-04-10 23:08:37'),
(128, 11, 1, 6, '2021-04-10 23:08:47', '2021-04-10 23:08:47'),
(129, 11, 1, 7, '2021-04-10 23:08:58', '2021-04-10 23:08:58'),
(130, 11, 1, 8, '2021-04-10 23:09:09', '2021-04-10 23:09:09'),
(131, 11, 1, 9, '2021-04-10 23:09:39', '2021-04-10 23:09:39'),
(132, 11, 1, 10, '2021-04-10 23:10:06', '2021-04-10 23:10:06'),
(133, 35, 1, 9, '2021-04-10 23:10:09', '2021-04-10 23:10:09'),
(134, 11, 1, 11, '2021-04-10 23:10:18', '2021-04-10 23:10:18'),
(135, 11, 1, 12, '2021-04-10 23:10:26', '2021-04-10 23:10:26'),
(136, 26, 1, 1, '2021-04-10 23:13:36', '2021-04-10 23:13:36'),
(137, 26, 1, 2, '2021-04-10 23:13:44', '2021-04-10 23:13:44'),
(138, 26, 1, 3, '2021-04-10 23:13:54', '2021-04-10 23:13:54'),
(139, 26, 1, 4, '2021-04-10 23:14:05', '2021-04-10 23:14:05'),
(140, 26, 1, 5, '2021-04-10 23:14:18', '2021-04-10 23:14:18'),
(141, 26, 1, 6, '2021-04-10 23:14:34', '2021-04-10 23:14:34'),
(142, 26, 1, 7, '2021-04-10 23:14:42', '2021-04-10 23:14:42'),
(143, 26, 1, 9, '2021-04-10 23:14:54', '2021-04-10 23:14:54'),
(144, 26, 1, 10, '2021-04-10 23:15:05', '2021-04-10 23:15:05'),
(145, 26, 1, 11, '2021-04-10 23:15:16', '2021-04-10 23:15:16'),
(146, 26, 1, 12, '2021-04-10 23:15:21', '2021-04-10 23:15:21'),
(147, 21, 1, 1, '2021-04-11 01:13:40', '2021-04-11 01:13:40'),
(148, 21, 1, 2, '2021-04-11 01:14:06', '2021-04-11 01:14:06'),
(149, 21, 1, 3, '2021-04-11 01:14:18', '2021-04-11 01:14:18'),
(150, 21, 1, 4, '2021-04-11 01:14:42', '2021-04-11 01:14:42'),
(151, 21, 1, 5, '2021-04-11 01:14:57', '2021-04-11 01:14:57'),
(152, 21, 1, 6, '2021-04-11 01:15:10', '2021-04-11 01:15:10'),
(153, 21, 1, 7, '2021-04-11 01:15:29', '2021-04-11 01:15:29'),
(154, 21, 1, 8, '2021-04-11 01:15:54', '2021-04-11 01:15:54'),
(155, 21, 1, 9, '2021-04-11 01:16:29', '2021-04-11 01:16:29'),
(156, 21, 1, 10, '2021-04-11 01:16:56', '2021-04-11 01:16:56'),
(157, 21, 1, 11, '2021-04-11 01:17:22', '2021-04-11 01:17:22'),
(158, 21, 1, 12, '2021-04-11 01:17:50', '2021-04-11 01:17:50'),
(159, 38, 1, 1, '2021-04-11 02:04:38', '2021-04-11 02:04:38'),
(160, 38, 1, 2, '2021-04-11 02:05:00', '2021-04-11 02:05:00'),
(161, 38, 1, 3, '2021-04-11 02:05:13', '2021-04-11 02:05:13'),
(162, 38, 1, 4, '2021-04-11 02:05:25', '2021-04-11 02:05:25'),
(163, 38, 1, 5, '2021-04-11 02:05:57', '2021-04-11 02:05:57'),
(164, 38, 1, 6, '2021-04-11 02:06:09', '2021-04-11 02:06:09'),
(165, 38, 1, 7, '2021-04-11 02:06:24', '2021-04-11 02:06:24'),
(166, 38, 1, 8, '2021-04-11 02:06:39', '2021-04-11 02:06:39'),
(167, 38, 1, 9, '2021-04-11 02:06:55', '2021-04-11 02:06:55'),
(168, 38, 1, 10, '2021-04-11 02:07:11', '2021-04-11 02:07:11'),
(169, 38, 1, 11, '2021-04-11 02:07:30', '2021-04-11 02:07:30'),
(170, 23, 1, 1, '2021-04-11 02:07:34', '2021-04-11 02:07:34'),
(171, 38, 1, 12, '2021-04-11 02:07:46', '2021-04-11 02:07:46'),
(172, 23, 1, 2, '2021-04-11 02:07:52', '2021-04-11 02:07:52'),
(173, 23, 1, 3, '2021-04-11 02:08:14', '2021-04-11 02:08:14'),
(174, 23, 1, 4, '2021-04-11 02:08:34', '2021-04-11 02:08:34'),
(175, 23, 1, 5, '2021-04-11 02:08:59', '2021-04-11 02:08:59'),
(176, 23, 1, 6, '2021-04-11 02:09:11', '2021-04-11 02:09:11'),
(177, 23, 1, 7, '2021-04-11 02:09:44', '2021-04-11 02:09:44'),
(178, 23, 1, 8, '2021-04-11 02:09:56', '2021-04-11 02:09:56'),
(179, 23, 1, 9, '2021-04-11 02:10:21', '2021-04-11 02:10:21'),
(180, 23, 1, 10, '2021-04-11 02:10:50', '2021-04-11 02:10:50'),
(181, 23, 1, 11, '2021-04-11 02:11:07', '2021-04-11 02:11:07'),
(182, 23, 1, 12, '2021-04-11 02:11:25', '2021-04-11 02:11:25'),
(183, 33, 1, 1, '2021-04-11 02:56:11', '2021-04-11 02:56:11'),
(184, 19, 1, 1, '2021-04-11 02:58:05', '2021-04-11 02:58:05'),
(185, 33, 1, 2, '2021-04-11 02:58:37', '2021-04-11 02:58:37'),
(186, 19, 1, 2, '2021-04-11 02:58:42', '2021-04-11 02:58:42'),
(187, 19, 1, 3, '2021-04-11 02:59:01', '2021-04-11 02:59:01'),
(188, 33, 1, 3, '2021-04-11 02:59:03', '2021-04-11 02:59:03'),
(189, 33, 1, 4, '2021-04-11 02:59:20', '2021-04-11 02:59:20'),
(190, 19, 1, 4, '2021-04-11 02:59:21', '2021-04-11 02:59:21'),
(191, 19, 1, 5, '2021-04-11 02:59:33', '2021-04-11 02:59:33'),
(192, 33, 1, 5, '2021-04-11 03:01:20', '2021-04-11 03:01:20'),
(193, 19, 1, 6, '2021-04-11 03:01:49', '2021-04-11 03:01:49'),
(194, 33, 1, 6, '2021-04-11 03:01:52', '2021-04-11 03:01:52'),
(195, 33, 1, 7, '2021-04-11 03:02:15', '2021-04-11 03:02:15'),
(196, 19, 1, 7, '2021-04-11 03:02:17', '2021-04-11 03:02:17'),
(197, 19, 1, 8, '2021-04-11 03:02:38', '2021-04-11 03:02:38'),
(198, 33, 1, 8, '2021-04-11 03:02:40', '2021-04-11 03:02:40'),
(199, 19, 1, 9, '2021-04-11 03:03:41', '2021-04-11 03:03:41'),
(200, 33, 1, 9, '2021-04-11 03:03:41', '2021-04-11 03:03:41'),
(201, 19, 1, 10, '2021-04-11 03:03:55', '2021-04-11 03:03:55'),
(202, 33, 1, 10, '2021-04-11 03:04:29', '2021-04-11 03:04:29'),
(203, 19, 1, 11, '2021-04-11 03:05:27', '2021-04-11 03:05:27'),
(204, 33, 1, 11, '2021-04-11 03:05:30', '2021-04-11 03:05:30'),
(205, 19, 1, 12, '2021-04-11 03:05:59', '2021-04-11 03:05:59'),
(206, 33, 1, 12, '2021-04-11 03:06:00', '2021-04-11 03:06:00'),
(207, 12, 1, 1, '2021-04-11 04:40:48', '2021-04-11 04:40:48'),
(208, 12, 1, 2, '2021-04-11 04:41:03', '2021-04-11 04:41:03'),
(209, 12, 1, 3, '2021-04-11 04:42:19', '2021-04-11 04:42:19'),
(210, 12, 1, 4, '2021-04-11 04:42:37', '2021-04-11 04:42:37'),
(211, 12, 1, 5, '2021-04-11 04:42:54', '2021-04-11 04:42:54'),
(212, 12, 1, 6, '2021-04-11 04:43:10', '2021-04-11 04:43:10'),
(213, 12, 1, 7, '2021-04-11 04:43:31', '2021-04-11 04:43:31'),
(214, 12, 1, 8, '2021-04-11 04:43:47', '2021-04-11 04:43:47'),
(215, 12, 1, 9, '2021-04-11 04:44:45', '2021-04-11 04:44:45'),
(216, 12, 1, 10, '2021-04-11 04:45:18', '2021-04-11 04:45:18'),
(217, 12, 1, 11, '2021-04-11 04:47:16', '2021-04-11 04:47:16'),
(218, 12, 1, 12, '2021-04-11 04:47:46', '2021-04-11 04:47:46'),
(219, 6, 1, 1, '2021-04-11 07:00:39', '2021-04-11 07:00:39'),
(220, 6, 1, 2, '2021-04-11 07:00:57', '2021-04-11 07:00:57'),
(221, 6, 1, 3, '2021-04-11 07:01:21', '2021-04-11 07:01:21'),
(222, 2, 1, 1, '2021-04-11 07:01:22', '2021-04-11 07:01:22'),
(223, 6, 1, 4, '2021-04-11 07:01:44', '2021-04-11 07:01:44'),
(224, 2, 1, 2, '2021-04-11 07:01:58', '2021-04-11 07:01:58'),
(225, 6, 1, 5, '2021-04-11 07:02:02', '2021-04-11 07:02:02'),
(226, 2, 1, 3, '2021-04-11 07:02:16', '2021-04-11 07:02:16'),
(227, 6, 1, 6, '2021-04-11 07:02:19', '2021-04-11 07:02:19'),
(228, 6, 1, 7, '2021-04-11 07:02:38', '2021-04-11 07:02:38'),
(229, 2, 1, 4, '2021-04-11 07:02:44', '2021-04-11 07:02:44'),
(230, 2, 1, 5, '2021-04-11 07:02:57', '2021-04-11 07:02:57'),
(231, 6, 1, 8, '2021-04-11 07:03:03', '2021-04-11 07:03:03'),
(232, 2, 1, 6, '2021-04-11 07:03:24', '2021-04-11 07:03:24'),
(233, 6, 1, 9, '2021-04-11 07:03:27', '2021-04-11 07:03:27'),
(234, 2, 1, 7, '2021-04-11 07:03:40', '2021-04-11 07:03:40'),
(235, 6, 1, 10, '2021-04-11 07:03:59', '2021-04-11 07:03:59'),
(236, 2, 1, 8, '2021-04-11 07:04:02', '2021-04-11 07:04:02'),
(237, 6, 1, 11, '2021-04-11 07:04:23', '2021-04-11 07:04:23'),
(238, 6, 1, 12, '2021-04-11 07:04:54', '2021-04-11 07:04:54'),
(239, 2, 1, 9, '2021-04-11 07:16:13', '2021-04-11 07:16:13'),
(240, 2, 1, 12, '2021-04-11 07:18:32', '2021-04-11 07:18:32'),
(241, 10, 1, 1, '2021-04-11 07:30:17', '2021-04-11 07:30:17'),
(242, 10, 1, 2, '2021-04-11 07:30:33', '2021-04-11 07:30:33'),
(243, 10, 1, 3, '2021-04-11 07:31:01', '2021-04-11 07:31:01'),
(244, 10, 1, 4, '2021-04-11 07:31:13', '2021-04-11 07:31:13'),
(245, 10, 1, 5, '2021-04-11 07:31:22', '2021-04-11 07:31:22'),
(246, 10, 1, 6, '2021-04-11 07:31:41', '2021-04-11 07:31:41'),
(247, 10, 1, 7, '2021-04-11 07:31:53', '2021-04-11 07:31:53'),
(248, 10, 1, 8, '2021-04-11 07:32:04', '2021-04-11 07:32:04'),
(249, 10, 1, 9, '2021-04-11 07:32:25', '2021-04-11 07:32:25'),
(250, 10, 1, 10, '2021-04-11 07:32:52', '2021-04-11 07:32:52'),
(251, 10, 1, 11, '2021-04-11 07:33:08', '2021-04-11 07:33:08'),
(252, 10, 1, 12, '2021-04-11 07:33:22', '2021-04-11 07:33:22'),
(253, 1, 1, 1, '2021-04-11 20:57:50', '2021-04-11 20:57:50'),
(254, 1, 1, 2, '2021-04-11 20:58:04', '2021-04-11 20:58:04'),
(255, 1, 1, 3, '2021-04-11 20:58:14', '2021-04-11 20:58:14'),
(256, 1, 1, 4, '2021-04-11 20:58:22', '2021-04-11 20:58:22'),
(257, 1, 1, 5, '2021-04-11 20:58:32', '2021-04-11 20:58:32'),
(258, 1, 1, 6, '2021-04-11 20:58:40', '2021-04-11 20:58:40'),
(259, 1, 1, 7, '2021-04-11 20:58:48', '2021-04-11 20:58:48'),
(260, 1, 1, 8, '2021-04-11 20:58:57', '2021-04-11 20:58:57'),
(261, 1, 1, 9, '2021-04-11 20:59:14', '2021-04-11 20:59:14'),
(262, 1, 1, 10, '2021-04-11 20:59:28', '2021-04-11 20:59:28'),
(263, 1, 1, 11, '2021-04-11 20:59:37', '2021-04-11 20:59:37'),
(264, 1, 1, 12, '2021-04-11 20:59:46', '2021-04-11 20:59:46'),
(265, 28, 1, 1, '2021-04-12 05:48:13', '2021-04-12 05:48:13'),
(266, 28, 1, 3, '2021-04-12 05:48:43', '2021-04-12 05:48:43'),
(267, 28, 1, 4, '2021-04-12 05:49:42', '2021-04-12 05:49:42'),
(268, 28, 1, 5, '2021-04-12 05:50:53', '2021-04-12 05:50:53'),
(269, 28, 1, 6, '2021-04-12 05:51:21', '2021-04-12 05:51:21'),
(270, 28, 1, 7, '2021-04-12 05:51:40', '2021-04-12 05:51:40'),
(271, 28, 1, 8, '2021-04-12 05:52:03', '2021-04-12 05:52:03'),
(272, 28, 1, 9, '2021-04-12 05:52:55', '2021-04-12 05:52:55'),
(273, 28, 1, 10, '2021-04-12 05:53:56', '2021-04-12 05:53:56'),
(274, 28, 1, 11, '2021-04-12 05:54:23', '2021-04-12 05:54:23'),
(275, 28, 1, 12, '2021-04-12 05:54:41', '2021-04-12 05:54:41'),
(276, 37, 1, 1, '2021-04-12 07:09:44', '2021-04-12 07:09:44'),
(277, 37, 1, 2, '2021-04-12 07:10:07', '2021-04-12 07:10:07'),
(278, 37, 1, 3, '2021-04-12 07:10:15', '2021-04-12 07:10:15'),
(279, 37, 1, 4, '2021-04-12 07:10:34', '2021-04-12 07:10:34'),
(280, 37, 1, 5, '2021-04-12 07:10:44', '2021-04-12 07:10:44'),
(281, 37, 1, 6, '2021-04-12 07:11:00', '2021-04-12 07:11:00'),
(282, 37, 1, 7, '2021-04-12 07:11:13', '2021-04-12 07:11:13'),
(283, 37, 1, 8, '2021-04-12 07:11:36', '2021-04-12 07:11:36'),
(284, 37, 1, 9, '2021-04-12 07:12:35', '2021-04-12 07:12:35'),
(285, 37, 1, 10, '2021-04-12 07:12:44', '2021-04-12 07:12:44'),
(286, 37, 1, 11, '2021-04-12 07:12:55', '2021-04-12 07:12:55'),
(287, 37, 1, 12, '2021-04-12 07:13:19', '2021-04-12 07:13:19'),
(288, 30, 1, 1, '2021-04-12 07:42:09', '2021-04-12 07:42:09'),
(289, 30, 1, 2, '2021-04-12 07:42:27', '2021-04-12 07:42:27'),
(290, 30, 1, 3, '2021-04-12 07:42:42', '2021-04-12 07:42:42'),
(291, 30, 1, 4, '2021-04-12 07:42:59', '2021-04-12 07:42:59'),
(292, 30, 1, 5, '2021-04-12 07:44:04', '2021-04-12 07:44:04'),
(293, 30, 1, 6, '2021-04-12 07:44:17', '2021-04-12 07:44:17'),
(294, 30, 1, 7, '2021-04-12 07:44:45', '2021-04-12 07:44:45'),
(295, 30, 1, 8, '2021-04-12 07:45:02', '2021-04-12 07:45:02'),
(296, 30, 1, 9, '2021-04-12 07:45:23', '2021-04-12 07:45:23'),
(297, 30, 1, 10, '2021-04-12 07:45:45', '2021-04-12 07:45:45'),
(298, 30, 1, 11, '2021-04-12 07:46:11', '2021-04-12 07:46:11'),
(299, 30, 1, 12, '2021-04-12 07:46:30', '2021-04-12 07:46:30'),
(300, 5, 1, 1, '2021-04-12 20:00:34', '2021-04-12 20:00:34'),
(301, 5, 1, 2, '2021-04-12 20:01:05', '2021-04-12 20:01:05'),
(302, 5, 1, 5, '2021-04-12 20:01:46', '2021-04-12 20:01:46'),
(303, 5, 1, 6, '2021-04-12 20:01:52', '2021-04-12 20:01:52'),
(304, 5, 1, 7, '2021-04-12 20:01:58', '2021-04-12 20:01:58'),
(305, 5, 1, 8, '2021-04-12 20:02:04', '2021-04-12 20:02:04'),
(306, 5, 1, 9, '2021-04-12 20:02:39', '2021-04-12 20:02:39'),
(307, 5, 1, 10, '2021-04-12 20:02:53', '2021-04-12 20:02:53'),
(308, 5, 1, 11, '2021-04-12 20:03:11', '2021-04-12 20:03:11'),
(309, 5, 1, 12, '2021-04-12 20:03:20', '2021-04-12 20:03:20'),
(310, 5, 1, 4, '2021-04-12 20:03:35', '2021-04-12 20:03:35'),
(311, 5, 1, 3, '2021-04-12 20:07:58', '2021-04-12 20:07:58'),
(312, 2, 1, 10, '2021-04-12 21:31:50', '2021-04-12 21:31:50'),
(313, 2, 1, 11, '2021-04-12 21:31:55', '2021-04-12 21:31:55'),
(314, 26, 1, 8, '2021-04-12 21:35:51', '2021-04-12 21:35:51'),
(315, 28, 1, 2, '2021-04-12 21:37:15', '2021-04-12 21:37:15'),
(316, 35, 1, 3, '2021-04-12 21:38:10', '2021-04-12 21:38:10'),
(317, 35, 1, 4, '2021-04-12 21:38:13', '2021-04-12 21:38:13'),
(318, 35, 1, 5, '2021-04-12 21:38:18', '2021-04-12 21:38:18'),
(319, 35, 1, 6, '2021-04-12 21:38:22', '2021-04-12 21:38:22'),
(320, 35, 1, 7, '2021-04-12 21:38:26', '2021-04-12 21:38:26'),
(321, 35, 1, 8, '2021-04-12 21:38:30', '2021-04-12 21:38:30'),
(322, 35, 1, 10, '2021-04-12 21:38:41', '2021-04-12 21:38:41'),
(323, 35, 1, 11, '2021-04-12 21:38:45', '2021-04-12 21:38:45'),
(324, 35, 1, 12, '2021-04-12 21:38:54', '2021-04-12 21:38:54'),
(325, 36, 1, 1, '2021-04-12 21:54:52', '2021-04-12 21:54:52'),
(326, 36, 1, 2, '2021-04-12 21:55:16', '2021-04-12 21:55:16'),
(327, 36, 1, 3, '2021-04-12 21:55:55', '2021-04-12 21:55:55'),
(328, 36, 1, 4, '2021-04-12 21:56:05', '2021-04-12 21:56:05'),
(329, 36, 1, 5, '2021-04-12 21:56:18', '2021-04-12 21:56:18'),
(330, 36, 1, 6, '2021-04-12 21:56:36', '2021-04-12 21:56:36'),
(331, 36, 1, 7, '2021-04-12 21:56:49', '2021-04-12 21:56:49'),
(332, 36, 1, 8, '2021-04-12 21:57:02', '2021-04-12 21:57:02'),
(333, 36, 1, 9, '2021-04-12 21:57:35', '2021-04-12 21:57:35'),
(334, 36, 1, 10, '2021-04-12 21:58:07', '2021-04-12 21:58:07'),
(335, 36, 1, 11, '2021-04-12 21:58:28', '2021-04-12 21:58:28'),
(336, 36, 1, 12, '2021-04-12 21:58:48', '2021-04-12 21:58:48'),
(337, 18, 1, 1, '2021-04-12 22:34:47', '2021-04-12 22:34:47'),
(338, 18, 1, 2, '2021-04-12 22:35:06', '2021-04-12 22:35:06'),
(339, 18, 1, 3, '2021-04-12 22:35:26', '2021-04-12 22:35:26'),
(340, 18, 1, 4, '2021-04-12 22:35:47', '2021-04-12 22:35:47'),
(341, 18, 1, 5, '2021-04-12 22:36:02', '2021-04-12 22:36:02'),
(342, 18, 1, 6, '2021-04-12 22:36:14', '2021-04-12 22:36:14'),
(343, 18, 1, 7, '2021-04-12 22:36:36', '2021-04-12 22:36:36'),
(344, 18, 1, 8, '2021-04-12 22:36:48', '2021-04-12 22:36:48'),
(345, 18, 1, 11, '2021-04-12 22:38:02', '2021-04-12 22:38:02'),
(346, 18, 1, 9, '2021-04-12 22:38:25', '2021-04-12 22:38:25'),
(347, 18, 1, 12, '2021-04-12 22:39:30', '2021-04-12 22:39:30'),
(348, 24, 1, 1, '2021-04-12 23:08:38', '2021-04-12 23:08:38'),
(349, 24, 1, 2, '2021-04-12 23:09:11', '2021-04-12 23:09:11'),
(350, 24, 1, 3, '2021-04-12 23:09:33', '2021-04-12 23:09:33'),
(351, 24, 1, 4, '2021-04-12 23:09:46', '2021-04-12 23:09:46'),
(352, 24, 1, 5, '2021-04-12 23:10:10', '2021-04-12 23:10:10'),
(353, 24, 1, 6, '2021-04-12 23:10:23', '2021-04-12 23:10:23'),
(354, 24, 1, 7, '2021-04-12 23:10:38', '2021-04-12 23:10:38'),
(355, 24, 1, 8, '2021-04-12 23:10:50', '2021-04-12 23:10:50'),
(356, 24, 1, 9, '2021-04-12 23:11:19', '2021-04-12 23:11:19'),
(357, 24, 1, 10, '2021-04-12 23:11:46', '2021-04-12 23:11:46'),
(358, 24, 1, 11, '2021-04-12 23:12:07', '2021-04-12 23:12:07'),
(359, 24, 1, 12, '2021-04-12 23:12:21', '2021-04-12 23:12:21'),
(360, 32, 1, 1, '2021-04-13 00:19:23', '2021-04-13 00:19:23'),
(361, 32, 1, 2, '2021-04-13 00:19:35', '2021-04-13 00:19:35'),
(362, 32, 1, 3, '2021-04-13 00:19:46', '2021-04-13 00:19:46'),
(363, 32, 1, 4, '2021-04-13 00:20:00', '2021-04-13 00:20:00'),
(364, 32, 1, 5, '2021-04-13 00:20:11', '2021-04-13 00:20:11'),
(365, 32, 1, 6, '2021-04-13 00:20:22', '2021-04-13 00:20:22'),
(366, 32, 1, 7, '2021-04-13 00:20:34', '2021-04-13 00:20:34'),
(367, 32, 1, 8, '2021-04-13 00:20:51', '2021-04-13 00:20:51'),
(368, 32, 1, 9, '2021-04-13 00:21:02', '2021-04-13 00:21:02'),
(369, 32, 1, 10, '2021-04-13 00:21:23', '2021-04-13 00:21:23'),
(370, 32, 1, 11, '2021-04-13 00:21:46', '2021-04-13 00:21:46'),
(371, 32, 1, 12, '2021-04-13 00:22:01', '2021-04-13 00:22:01'),
(372, 18, 1, 10, NULL, NULL);

-- --------------------------------------------------------

--
-- Estructura de tabla para la tabla `roles`
--

CREATE TABLE `roles` (
  `id` bigint(20) UNSIGNED NOT NULL,
  `nombre_rol` varchar(191) COLLATE utf8mb4_unicode_ci NOT NULL,
  `created_at` timestamp NULL DEFAULT NULL,
  `updated_at` timestamp NULL DEFAULT NULL,
  `deleted_at` timestamp NULL DEFAULT NULL
) ENGINE=MyISAM DEFAULT CHARSET=utf8mb4 COLLATE=utf8mb4_unicode_ci;

--
-- Volcado de datos para la tabla `roles`
--

INSERT INTO `roles` (`id`, `nombre_rol`, `created_at`, `updated_at`, `deleted_at`) VALUES
(1, 'Administrador', NULL, NULL, NULL),
(2, 'Votante', NULL, NULL, NULL);

-- --------------------------------------------------------

--
-- Estructura de tabla para la tabla `tipo_documentos`
--

CREATE TABLE `tipo_documentos` (
  `id` bigint(20) UNSIGNED NOT NULL,
  `nombre` varchar(45) COLLATE utf8mb4_unicode_ci NOT NULL,
  `created_at` timestamp NULL DEFAULT NULL,
  `updated_at` timestamp NULL DEFAULT NULL,
  `deleted_at` timestamp NULL DEFAULT NULL
) ENGINE=MyISAM DEFAULT CHARSET=utf8mb4 COLLATE=utf8mb4_unicode_ci;

--
-- Volcado de datos para la tabla `tipo_documentos`
--

INSERT INTO `tipo_documentos` (`id`, `nombre`, `created_at`, `updated_at`, `deleted_at`) VALUES
(1, 'Cedula', NULL, NULL, NULL),
(2, 'Tarjeta de Identidad', NULL, NULL, NULL);

--
-- Índices para tablas volcadas
--

--
-- Indices de la tabla `candidatos`
--
ALTER TABLE `candidatos`
  ADD PRIMARY KEY (`id`),
  ADD KEY `candidatos_user_id_foreign` (`user_id`),
  ADD KEY `candidatos_concejo_directivo_id_foreign` (`concejo_directivo_id`),
  ADD KEY `candidatos_fecha_votacione_id_foreign` (`fecha_votacione_id`);

--
-- Indices de la tabla `ciudades`
--
ALTER TABLE `ciudades`
  ADD PRIMARY KEY (`id`);

--
-- Indices de la tabla `concejo_directivos`
--
ALTER TABLE `concejo_directivos`
  ADD PRIMARY KEY (`id`);

--
-- Indices de la tabla `failed_jobs`
--
ALTER TABLE `failed_jobs`
  ADD PRIMARY KEY (`id`);

--
-- Indices de la tabla `fecha_votaciones`
--
ALTER TABLE `fecha_votaciones`
  ADD PRIMARY KEY (`id`);

--
-- Indices de la tabla `migrations`
--
ALTER TABLE `migrations`
  ADD PRIMARY KEY (`id`);

--
-- Indices de la tabla `registro_posultacions`
--
ALTER TABLE `registro_posultacions`
  ADD PRIMARY KEY (`id`);

--
-- Indices de la tabla `registro_votos`
--
ALTER TABLE `registro_votos`
  ADD PRIMARY KEY (`id`),
  ADD KEY `registro_votos_user_id_foreign` (`user_id`),
  ADD KEY `registro_votos_fecha_votacione_id_foreign` (`fecha_votacione_id`),
  ADD KEY `foreign_key_concejo` (`concejo_directivo_id`);

--
-- Indices de la tabla `roles`
--
ALTER TABLE `roles`
  ADD PRIMARY KEY (`id`);

--
-- Indices de la tabla `tipo_documentos`
--
ALTER TABLE `tipo_documentos`
  ADD PRIMARY KEY (`id`);

--
-- AUTO_INCREMENT de las tablas volcadas
--

--
-- AUTO_INCREMENT de la tabla `candidatos`
--
ALTER TABLE `candidatos`
  MODIFY `id` bigint(20) UNSIGNED NOT NULL AUTO_INCREMENT, AUTO_INCREMENT=56;

--
-- AUTO_INCREMENT de la tabla `ciudades`
--
ALTER TABLE `ciudades`
  MODIFY `id` bigint(20) UNSIGNED NOT NULL AUTO_INCREMENT, AUTO_INCREMENT=2;

--
-- AUTO_INCREMENT de la tabla `concejo_directivos`
--
ALTER TABLE `concejo_directivos`
  MODIFY `id` bigint(20) UNSIGNED NOT NULL AUTO_INCREMENT, AUTO_INCREMENT=14;

--
-- AUTO_INCREMENT de la tabla `failed_jobs`
--
ALTER TABLE `failed_jobs`
  MODIFY `id` bigint(20) UNSIGNED NOT NULL AUTO_INCREMENT;

--
-- AUTO_INCREMENT de la tabla `fecha_votaciones`
--
ALTER TABLE `fecha_votaciones`
  MODIFY `id` bigint(20) UNSIGNED NOT NULL AUTO_INCREMENT, AUTO_INCREMENT=2;

--
-- AUTO_INCREMENT de la tabla `migrations`
--
ALTER TABLE `migrations`
  MODIFY `id` int(10) UNSIGNED NOT NULL AUTO_INCREMENT, AUTO_INCREMENT=31;

--
-- AUTO_INCREMENT de la tabla `registro_posultacions`
--
ALTER TABLE `registro_posultacions`
  MODIFY `id` int(11) NOT NULL AUTO_INCREMENT, AUTO_INCREMENT=39;

--
-- AUTO_INCREMENT de la tabla `registro_votos`
--
ALTER TABLE `registro_votos`
  MODIFY `id` bigint(20) UNSIGNED NOT NULL AUTO_INCREMENT, AUTO_INCREMENT=373;

--
-- AUTO_INCREMENT de la tabla `roles`
--
ALTER TABLE `roles`
  MODIFY `id` bigint(20) UNSIGNED NOT NULL AUTO_INCREMENT, AUTO_INCREMENT=3;

--
-- AUTO_INCREMENT de la tabla `tipo_documentos`
--
ALTER TABLE `tipo_documentos`
  MODIFY `id` bigint(20) UNSIGNED NOT NULL AUTO_INCREMENT, AUTO_INCREMENT=3;
COMMIT;

